{"id":695,"date":"2017-02-14T17:19:35","date_gmt":"2017-02-14T16:19:35","guid":{"rendered":"http:\/\/antarctic-research.de\/?page_id=695"},"modified":"2026-03-24T11:18:46","modified_gmt":"2026-03-24T10:18:46","slug":"renaturierung-von-hummock-island-2","status":"publish","type":"page","link":"https:\/\/antarctic-research.de\/wordpress2014\/unterstuetzung\/renaturierung-von-hummock-island-2\/","title":{"rendered":"Renaturierung von Hummock Island"},"content":{"rendered":"<p style=\"text-align: justify;\"><a href=\"https:\/\/youtu.be\/xvz-RzQiPIY\" target=\"_blank\" rel=\"noopener noreferrer\">Dokumentationsfilm<\/a> \u00fcber unsere bisherigen Aktivit\u00e4ten (Stand Januar 2023) auf der Hummockinsel.<\/p>\n<p style=\"text-align: justify;\">Auf der im Jahre 2016 erworbenen Hummock Insel hat jahrzehnte-lange \u00dcberweidung durch Schafe und Pferde dazu gef\u00fchrt, dass etwa ein Drittel der 303 Hektar gro\u00dfen Insel von Erosion betroffen ist. Der ART m\u00f6chte diese Fl\u00e4chen in den kommenden Jahren renaturieren und in ihren urspr\u00fcnglichen Zustand zur\u00fcckversetzen. Dazu sind wir auf Ihre Hilfe angewiesen! Gro\u00dffl\u00e4chig muss Tussockgras (\u201eB\u00fcltgras\u201c) wieder angesiedelt werden, womit man auf den Falklands in der Vergangenheit bereits sehr gute Erfahrungen gemacht hat. Ein besonderer Nebeneffekt der beabsichtigten Anpflanzungen ist, dass im Tussockgras auf Dauer ca. 50 t Kohlenstoff pro Hektar gebunden werden, vergleichbar mit einem Wald in den gem\u00e4\u00dfigten Breiten.<\/p>\n<p style=\"text-align: justify;\"><img loading=\"lazy\" decoding=\"async\" class=\"alignnone size-full wp-image-698\" src=\"https:\/\/antarctic-research.de\/wordpress2014\/wp-content\/uploads\/2017\/02\/Erosion-Vergleich-2001-2006.jpg\" alt=\"\" width=\"1503\" height=\"504\" srcset=\"https:\/\/antarctic-research.de\/wordpress2014\/wp-content\/uploads\/2017\/02\/Erosion-Vergleich-2001-2006.jpg 1503w, https:\/\/antarctic-research.de\/wordpress2014\/wp-content\/uploads\/2017\/02\/Erosion-Vergleich-2001-2006-300x101.jpg 300w, https:\/\/antarctic-research.de\/wordpress2014\/wp-content\/uploads\/2017\/02\/Erosion-Vergleich-2001-2006-768x258.jpg 768w, https:\/\/antarctic-research.de\/wordpress2014\/wp-content\/uploads\/2017\/02\/Erosion-Vergleich-2001-2006-1024x343.jpg 1024w\" sizes=\"auto, (max-width: 1503px) 100vw, 1503px\" \/>Es gibt heute eine ganze Reihe von Anbietern, bei denen man seinen CO<sub>2<\/sub>-Fu\u00dfabdruck, egal wodurch er entstanden ist, durch Ausgleichszahlungen kompensieren kann. Nur wenige dieser Anbieter werden als gut eingestuft (siehe Verbraucherzentrale Bundesverband Berlin), oft wei\u00df man nicht, in welche Projekte das Geld investiert wird. Wir bieten Ihnen daher an, gezielt die Renaturierung von Hummock Island zu unterst\u00fctzen und dadurch ihren pers\u00f6nlichen CO<sub>2<\/sub>-Verbrauch zu kompensieren.<\/p>\n<p><strong>Bankverbindung:<\/strong><\/p>\n<p>UBS Switzerland AG, 8070 Z\u00fcrich<br \/>\nIBAN: CH06 0021 5215 3112 7701 U<br \/>\nBIC\/SWIFT: UBSWCHZH80A<\/p>\n<p>Seit unserer ersten Pflanzaktionen im April 2019 wurden bereits \u00fcber 170,000 Tussockgras-Setzlinge gepflanzt, weitere Anpflanzungen, auch mit anderen einheimischen Pflanzenarten, sind in den kommenden Jahre vorgesehen, abh\u00e4ngig von Ihrer finanziellen Unterst\u00fctzung!<\/p>\n<div id=\"attachment_1107\" style=\"width: 1290px\" class=\"wp-caption aligncenter\"><img loading=\"lazy\" decoding=\"async\" aria-describedby=\"caption-attachment-1107\" class=\"wp-image-1107 size-full\" src=\"https:\/\/antarctic-research.de\/wordpress2014\/wp-content\/uploads\/2019\/05\/SW-Bay_Moment-4_LowRes.jpg\" alt=\"\" width=\"1280\" height=\"720\" srcset=\"https:\/\/antarctic-research.de\/wordpress2014\/wp-content\/uploads\/2019\/05\/SW-Bay_Moment-4_LowRes.jpg 1280w, https:\/\/antarctic-research.de\/wordpress2014\/wp-content\/uploads\/2019\/05\/SW-Bay_Moment-4_LowRes-300x169.jpg 300w, https:\/\/antarctic-research.de\/wordpress2014\/wp-content\/uploads\/2019\/05\/SW-Bay_Moment-4_LowRes-768x432.jpg 768w, https:\/\/antarctic-research.de\/wordpress2014\/wp-content\/uploads\/2019\/05\/SW-Bay_Moment-4_LowRes-1024x576.jpg 1024w\" sizes=\"auto, (max-width: 1280px) 100vw, 1280px\" \/><p id=\"caption-attachment-1107\" class=\"wp-caption-text\">Tussockgras-Setzlinge auf erodiertem Torfboden<\/p><\/div>\n<div id=\"attachment_1643\" style=\"width: 1315px\" class=\"wp-caption aligncenter\"><img loading=\"lazy\" decoding=\"async\" aria-describedby=\"caption-attachment-1643\" class=\"wp-image-1643\" src=\"https:\/\/antarctic-research.de\/wordpress2014\/wp-content\/uploads\/2022\/03\/Tussac-restoration-comparison.jpg\" alt=\"\" width=\"1305\" height=\"1069\" srcset=\"https:\/\/antarctic-research.de\/wordpress2014\/wp-content\/uploads\/2022\/03\/Tussac-restoration-comparison.jpg 1378w, https:\/\/antarctic-research.de\/wordpress2014\/wp-content\/uploads\/2022\/03\/Tussac-restoration-comparison-300x246.jpg 300w, https:\/\/antarctic-research.de\/wordpress2014\/wp-content\/uploads\/2022\/03\/Tussac-restoration-comparison-1024x839.jpg 1024w, https:\/\/antarctic-research.de\/wordpress2014\/wp-content\/uploads\/2022\/03\/Tussac-restoration-comparison-768x629.jpg 768w\" sizes=\"auto, (max-width: 1305px) 100vw, 1305px\" \/><p id=\"caption-attachment-1643\" class=\"wp-caption-text\">Erodierter Torfboden vor und nach Bepflanzung mit Tussockgras<\/p><\/div>\n<p style=\"text-align: justify;\"><strong> &nbsp;<\/strong><\/p>\n","protected":false},"excerpt":{"rendered":"<p>Dokumentationsfilm \u00fcber unsere bisherigen Aktivit\u00e4ten (Stand Januar 2023) auf der Hummockinsel. Auf der im Jahre 2016 erworbenen Hummock Insel hat jahrzehnte-lange \u00dcberweidung durch Schafe und Pferde dazu gef\u00fchrt, dass etwa ein Drittel der 303 Hektar gro\u00dfen Insel von Erosion betroffen <span class=\"excerpt-dots\">&hellip;<\/span> <a class=\"more-link\" href=\"https:\/\/antarctic-research.de\/wordpress2014\/unterstuetzung\/renaturierung-von-hummock-island-2\/\"><span class=\"more-msg\">Weiterlesen &rarr;<\/span><\/a><\/p>\n","protected":false},"author":2,"featured_media":0,"parent":119,"menu_order":1,"comment_status":"closed","ping_status":"closed","template":"","meta":{"ngg_post_thumbnail":0,"footnotes":""},"class_list":["post-695","page","type-page","status-publish","hentry"],"_links":{"self":[{"href":"https:\/\/antarctic-research.de\/wordpress2014\/wp-json\/wp\/v2\/pages\/695","targetHints":{"allow":["GET"]}}],"collection":[{"href":"https:\/\/antarctic-research.de\/wordpress2014\/wp-json\/wp\/v2\/pages"}],"about":[{"href":"https:\/\/antarctic-research.de\/wordpress2014\/wp-json\/wp\/v2\/types\/page"}],"author":[{"embeddable":true,"href":"https:\/\/antarctic-research.de\/wordpress2014\/wp-json\/wp\/v2\/users\/2"}],"replies":[{"embeddable":true,"href":"https:\/\/antarctic-research.de\/wordpress2014\/wp-json\/wp\/v2\/comments?post=695"}],"version-history":[{"count":46,"href":"https:\/\/antarctic-research.de\/wordpress2014\/wp-json\/wp\/v2\/pages\/695\/revisions"}],"predecessor-version":[{"id":2386,"href":"https:\/\/antarctic-research.de\/wordpress2014\/wp-json\/wp\/v2\/pages\/695\/revisions\/2386"}],"up":[{"embeddable":true,"href":"https:\/\/antarctic-research.de\/wordpress2014\/wp-json\/wp\/v2\/pages\/119"}],"wp:attachment":[{"href":"https:\/\/antarctic-research.de\/wordpress2014\/wp-json\/wp\/v2\/media?parent=695"}],"curies":[{"name":"wp","href":"https:\/\/api.w.org\/{rel}","templated":true}]}}