{"id":196,"date":"2014-08-12T21:57:39","date_gmt":"2014-08-12T21:57:39","guid":{"rendered":"http:\/\/antarctic-research.de\/wordpress2014\/?page_id=196"},"modified":"2025-08-08T17:37:18","modified_gmt":"2025-08-08T15:37:18","slug":"stiftungsrat","status":"publish","type":"page","link":"https:\/\/antarctic-research.de\/wordpress2014\/ueber-uns\/stiftungsrat\/","title":{"rendered":"Stiftungsrat"},"content":{"rendered":"<p><strong style=\"color: #333333;\">Pr\u00e4sident:<br \/>\n<\/strong>Benno L\u00fcthi, Forch<\/p>\n<p style=\"color: #333333;\" align=\"left\"><strong>Gesch\u00e4ftsf\u00fchrer und wissenschaftlicher Leiter:<\/strong><br \/>\nDr. Klemens P\u00fctz, Bremerv\u00f6rde (D)<\/p>\n<p><strong style=\"color: #333333;\">Stiftungsr\u00e4te:<\/strong><\/p>\n<p>Benno L\u00fcthi, Forch (CH)<br \/>\nMarianne L\u00fcthi (CH)<br \/>\nSally Poncet, Stanley (FI)<br \/>\nKlemens P\u00fctz, Bremerv\u00f6rde (D)<br \/>\nDr. Alex R\u00fcbel (CH)<\/p>\n<p style=\"text-align: justify;\"><strong>Biografie Benno L\u00fcthi<\/strong><\/p>\n<p style=\"text-align: justify;\">Benno L\u00fcthi wurde 1945 in Z\u00fcrich geboren. Nach einer chemisch-technischen Lehre an der Eidgen\u00f6ssischen Technischen Hochschule Z\u00fcrich arbeitete er weitere f\u00fcnf Jahre als Assistent an der ETH. Anschlie\u00dfend folgte eine Ausbildung in medizinischer Chemie am Kinderspital Z\u00fcrich. Von 1969 bis 1994 war er Leiter und Miteigent\u00fcmer des medizinischen Laboratoriums DIAGNOSTICA in Z\u00fcrich. Neben Untersuchungen in der Humanmedizin f\u00fchrte der Betrieb auch eine Abteilung f\u00fcr Veterin\u00e4rmedizin, speziell im Bereich Parasitologie bei Wildtieren. Im Jahre 1990 wurde er in den Stiftungsrat der Stiftung zum Schutze der Flederm\u00e4use in der Schweiz aufgenommen, 2001 ist er dem Freiwilligenteam des Zoo Z\u00fcrich beigetreten. Seit 1997 bereist er regelm\u00e4\u00dfig die Antarktis, zuerst als Passagier, seitdem auf verschiedenen Schiffen im Expeditionsteam. Im Jahre 1997 war er Mitbegr\u00fcnder der Stiftung Antarctic Research Trust (ART) und ist seitdem als Stiftungsrat und Pr\u00e4sident t\u00e4tig. Er ist Ko-Autor zahlreicher Studien zur Biologie und \u00d6kologie von Pinguinen und anderer Lebewesen in Antarktischen und sub-Antarktischen Regionen.<\/p>\n<p style=\"text-align: justify;\"><strong>Biografie Klemens P\u00fctz<\/strong><\/p>\n<p style=\"text-align: justify;\">Klemens P\u00fctz, geboren 1960 in Bonn, arbeitete nach dem Abitur zun\u00e4chst als Tierpfleger im Zoologischen Garten in Frankfurt\/Main, sp\u00e4ter als medizinisch-technischer Assistent am Klinikum Steglitz in Berlin. Von 1983 bis 1985 studierte er an der FU Berlin, von 1985 bis 1989 an der Universit\u00e4t Kiel Biologie. Nach seinem Diplom wechselte er als wissenschaftlicher Angestellter in die Pinguinforschung. Im Verlauf seiner nun folgenden Forschungst\u00e4tigkeit f\u00fchrte er zahlreiche Expeditionen in die Antarktis und auf verschiedene subantarktische Inseln durch. Den Schwerpunkt seiner Studien bildeten Untersuchungen zur Ern\u00e4hrungs\u00f6kologie von Kaiser- und K\u00f6nigspinguinen, wor\u00fcber er auch 1993 promovierte. Zus\u00e4tzlich war er an Forschungsprogrammen beteiligt, die sich mit der \u00d6kologie und Physiologie diverser anderer Pinguinarten, Wanderalbatrossen, Weddellrobben und S\u00fcdamerikanischen Seel\u00f6wen besch\u00e4ftigten. Von 1997 bis 2001 lebte er auf den Falklandinseln und arbeitete als Fischerei-Inspektor und wissenschaftlicher Berater von Falklands Conservation. In dieser Zeit war er auch Gr\u00fcndungsmitglied des Antarctic Research Trust, f\u00fcr den er seitdem als Stiftungsrat und wissenschaftlicher Direktor t\u00e4tig ist. Von 2001 bis 2003 untersuchte er an der Vogelwarte Hiddensee die Steuerung des Vogelzugs am Beispiel der Heringsm\u00f6we. Seitdem ist er als selbst\u00e4ndiger Biologe t\u00e4tig und heute Deutschlands einziger Pinguinforscher. \u00dcber 100 wissenschaftliche&nbsp;<a href=\"http:\/\/www.antarctic-research.de\/?page_id=726\" target=\"_blank\" rel=\"noopener noreferrer\">Publikationen<\/a> sind das Ergebnis seiner inzwischen \u00fcber 35-j\u00e4hrigen Forschungst\u00e4tigkeit, dazu kommen zahlreiche Auftritte und Berichte in den Medien. Seit 1994 f\u00e4hrt er auch regelm\u00e4\u00dfig als Lektor und Expeditionsleiter auf verschiedenen Expeditionsschiffen in die Antarktis, bisher hat er fast 100 Reisen begleitet. Er ist Autor eines Reisef\u00fchrers und eines Tier-Bestimmungsbuches f\u00fcr die Antarktis, die Falkland-Inseln und S\u00fcdgeorgien. In 2018 erschien sein Buch <a href=\"https:\/\/www.amazon.de\/Unverfrorene-Freunde-Leben-unter-Pinguinen\/dp\/3550050348\" target=\"_blank\" rel=\"noopener noreferrer\">&#8222;Unverfrorene Freunde&#8220;<\/a>, das einen humorvollen und informativen Einblick in die Biologie der Pinguine gew\u00e4hrt und mit pers\u00f6nlichen Erlebnissen und Anekdoten angereichert ist. Siehe auch Eintrag in <a href=\"https:\/\/de.wikipedia.org\/wiki\/Klemens_P%C3%BCtz\" target=\"_blank\" rel=\"noopener noreferrer\">Wikipedia<\/a>.<\/p>\n<p style=\"text-align: justify;\"><strong style=\"color: #333333;\">Biografie Sally Poncet<\/strong><\/p>\n<p style=\"text-align: justify;\">Sally Poncet lebt auf den Falklandinseln und hat in den letzten 35 Jahren Umweltprojekte in der Antarktis, auf S\u00fcdgeorgien und den Falklands durchgef\u00fchrt. Sie besch\u00e4ftigt sich \u00fcberwiegend mit dem Schutz von Seev\u00f6geln und ihrem Lebensraum. So erstellte sie z.B. das erste Umweltgutachten f\u00fcr S\u00fcdgeorgien und f\u00fchrte ein Pilotprojekt zur Ausrottung von eingeschleppten Ratten durch. In 2003\/04 erfolgte eine vollst\u00e4ndige Z\u00e4hlung der Albatros-Populationen auf S\u00fcdgeorgien, gefolgt von einer Erhebung \u00fcber die Best\u00e4nde an Wei\u00dfkinn- und Riesensturmv\u00f6geln in den Jahren 2005-2007. Parallel dazu war Sally an zahlreichen Restaurationsprojekten auf den Falklands beteiligt, insbesondere an Studien zur Kontrolle und Ausrottung von eingeschleppten Tier- und Pflanzenarten. Ihre aktuelle Forschung auf S\u00fcdgeorgien beinhaltet eine j\u00e4hrliche Z\u00e4hlung der Wanderalbatrosse in der Bay of Isles sowie Untersuchungen zu eingeschleppten Tier- und Pflanzenarten. Sally hat zahlreiche wissenschaftliche Artikel ver\u00f6ffentlicht und ist Autorin einiger B\u00fccher (<a href=\"https:\/\/antarctic-research.de\/wordpress2014\/wp-content\/uploads\/2020\/06\/Sallys-publications-list-updated-2020.pdf\">Publikationen<\/a>), wie z.B. einem Reisef\u00fchrer f\u00fcr S\u00fcdgeorgien und einem Leitfaden f\u00fcr Segler im S\u00fcdpolarmeer. Im Jahre 2015 wurde sie f\u00fcr ihr Lebenswerk vom britischen K\u00f6nigshaus mit der Prestige-tr\u00e4chtigen Polarmedaille ausgezeichnet, im Jahr 2019 wurde ihr von der South Georgia Asscociation f\u00fcr ihren &#8222;<em>au\u00dfergew\u00f6hnlichen Einsatz f\u00fcr die Erforschung und den Erhalt der Tierwelt und des Kulturerbes S\u00fcdgeorgiens<\/em>&#8220; die Morag Husband Campbell Medailler verliehen. Siehe auch Eintrag in <a href=\"https:\/\/en.wikipedia.org\/wiki\/Sally_Poncet\" target=\"_blank\" rel=\"noopener noreferrer\">Wikipedia<\/a>.<\/p>\n<p><strong>Biografie Alex R\u00fcbel<\/strong><\/p>\n<p style=\"text-align: justify;\">Alex R\u00fcbel wurde in Z\u00fcrich geboren und ist auch dort aufgewachsen. Als Lehrbeauftragter der Klinik f\u00fcr Zoo-, Heim- und Wildtiere der Veterin\u00e4rmedizinischen Fakult\u00e4t der Universit\u00e4t Z\u00fcrich spezialisierte er sich auf exotische Tiere. 1991 wurde Alex R\u00fcbel Direktor des Zoo Z\u00fcrich und formulierte eine Vision, eine Strategie und einen Masterplan, die diesem als kultureller Institution eine neue Aufgabe als Vermittler einer engen Mensch-Tierbeziehung, als Botschafter f\u00fcr Tiere und Natur und als Kompetenzzentrum im Naturschutz gaben. Neben Anlagen f\u00fcr s\u00fcdamerikanische Tiere, Tiger, L\u00f6we und Schneeleopard entstanden der Masoala Regenwald, der Kaeng Krachan Elefantenpark und die Lewa Savanne. Mit der Verbindung zwischen den Projekten im Zoo Z\u00fcrich und den Naturreservaten in der Wildnis sind f\u00fcr die Entwicklung der Zoologischen G\u00e4rten als Naturschutzzentren wegweisende Projekte entstanden, wof\u00fcr der Zoo 2019 den WAZA Conservation Award erhielt. \u00dcberzeugt, dass Naturschutz nur durch eine enge Zusammenarbeit zwischen den verschiedensten Institutionen und \u00fcber die Landesgrenzen hinweg m\u00f6glich ist, engagierte er sich als Pr\u00e4sident des Welt-Zoo-Verbandes (WAZA) und in der IUCN f\u00fcr Strategien, die einen effizienteren Naturschutz erm\u00f6glichen. 2006 erhielt Alex R\u00fcbel f\u00fcr seine Leistungen den Jahrespreis der Stiftung f\u00fcr abendl\u00e4ndische Ethik und Kultur, 2012 den Heini Hediger Award des Weltzooverbandes. Heute ist er Pr\u00e4sident der UZH Alumni und in verschiedenen Stiftungen t\u00e4tig. Siehe auch Eintrag in <a href=\"https:\/\/de.wikipedia.org\/wiki\/Alex_R%C3%BCbel\" target=\"_blank\" rel=\"noopener noreferrer\">Wikipedia<\/a>.<\/p>\n","protected":false},"excerpt":{"rendered":"<p>Pr\u00e4sident: Benno L\u00fcthi, Forch Gesch\u00e4ftsf\u00fchrer und wissenschaftlicher Leiter: Dr. Klemens P\u00fctz, Bremerv\u00f6rde (D) Stiftungsr\u00e4te: Benno L\u00fcthi, Forch (CH) Marianne L\u00fcthi (CH) Sally Poncet, Stanley (FI) Klemens P\u00fctz, Bremerv\u00f6rde (D) Dr. Alex R\u00fcbel (CH) Biografie Benno L\u00fcthi Benno L\u00fcthi wurde 1945 <span class=\"excerpt-dots\">&hellip;<\/span> <a class=\"more-link\" href=\"https:\/\/antarctic-research.de\/wordpress2014\/ueber-uns\/stiftungsrat\/\"><span class=\"more-msg\">Weiterlesen &rarr;<\/span><\/a><\/p>\n","protected":false},"author":1,"featured_media":0,"parent":192,"menu_order":0,"comment_status":"closed","ping_status":"open","template":"","meta":{"ngg_post_thumbnail":0,"footnotes":""},"class_list":["post-196","page","type-page","status-publish","hentry"],"_links":{"self":[{"href":"https:\/\/antarctic-research.de\/wordpress2014\/wp-json\/wp\/v2\/pages\/196","targetHints":{"allow":["GET"]}}],"collection":[{"href":"https:\/\/antarctic-research.de\/wordpress2014\/wp-json\/wp\/v2\/pages"}],"about":[{"href":"https:\/\/antarctic-research.de\/wordpress2014\/wp-json\/wp\/v2\/types\/page"}],"author":[{"embeddable":true,"href":"https:\/\/antarctic-research.de\/wordpress2014\/wp-json\/wp\/v2\/users\/1"}],"replies":[{"embeddable":true,"href":"https:\/\/antarctic-research.de\/wordpress2014\/wp-json\/wp\/v2\/comments?post=196"}],"version-history":[{"count":65,"href":"https:\/\/antarctic-research.de\/wordpress2014\/wp-json\/wp\/v2\/pages\/196\/revisions"}],"predecessor-version":[{"id":2368,"href":"https:\/\/antarctic-research.de\/wordpress2014\/wp-json\/wp\/v2\/pages\/196\/revisions\/2368"}],"up":[{"embeddable":true,"href":"https:\/\/antarctic-research.de\/wordpress2014\/wp-json\/wp\/v2\/pages\/192"}],"wp:attachment":[{"href":"https:\/\/antarctic-research.de\/wordpress2014\/wp-json\/wp\/v2\/media?parent=196"}],"curies":[{"name":"wp","href":"https:\/\/api.w.org\/{rel}","templated":true}]}}