{"id":125,"date":"2014-08-12T20:58:50","date_gmt":"2014-08-12T20:58:50","guid":{"rendered":"http:\/\/antarctic-research.de\/wordpress2014\/?page_id=125"},"modified":"2026-03-24T11:20:21","modified_gmt":"2026-03-24T10:20:21","slug":"naturschutzgebiet","status":"publish","type":"page","link":"https:\/\/antarctic-research.de\/wordpress2014\/unterstuetzung\/naturschutzgebiet\/","title":{"rendered":"Naturschutzgebiet Sea Lion Islands"},"content":{"rendered":"<p><strong>Werden Sie Mit-Begr\u00fcnder eines Naturschutzgebietes im S\u00fcd-Atlantik<\/strong><\/p>\n<p style=\"text-align: justify;\">Im Jahre 2004 hat der ART vier Inseln (Rum, Brandy, Whiskey und Sea Lion Easterly) der Sea Lion Islands im S\u00fcden der Falklands mit dem Ziel erworben, diese Inseln und ihre Bewohner vor jeglicher zuk\u00fcnftiger Besiedlung zu sch\u00fctzen. Sie k\u00f6nnen uns dabei helfen, dieses Ziel zu erreichen! Bereits f\u00fcr 1,- Euro k\u00f6nnen wir einen Quadratmeter der Inseln unter dauerhaften Schutz stellen. Ab einer Unterst\u00fctzung von 200,- Euro erhalten Sie eine Urkunde, in der Sie als Mitbegr\u00fcnder eines Naturreservats in der entsprechenden Gr\u00f6\u00dfe ausgezeichnet werden. Ferner erhalten Sie in regelm\u00e4\u00dfigen Abst\u00e4nden aktuelle Informationen \u00fcber die Inseln, die Aktivit\u00e4ten des ART und interessante Neuigkeiten aus der Antarktis.<\/p>\n<p style=\"text-align: justify;\"><a href=\"http:\/\/www.antarctic-research.de\/sealion_island.kml\" target=\"_blank\" rel=\"noopener noreferrer\">Google Earth View<\/a><span style=\"color: #333333;\">&nbsp; &nbsp;&nbsp;<br \/>\n<\/span><\/p>\n<p><strong>Bankverbindung:<\/strong><br \/>\nUBS Switzerland AG, 8070 Z\u00fcrich<br \/>\nIBAN: CH06 0021 5215 3112 7701 U<br \/>\nBIC\/SWIFT: UBSWCHZH80A<\/p>\n<p>Als Verwendungszweck geben Sie bei Ihrer \u00dcberweisung bitte das Stichwort \u201eSea Lion Islands\u201c an.<\/p>\n<p style=\"text-align: left;\"><img loading=\"lazy\" decoding=\"async\" src=\"https:\/\/www.paypal.com\/de_DE\/i\/scr\/pixel.gif\" alt=\"\" width=\"1\" height=\"1\" border=\"0\">Sollten Sie weitere Fragen haben, <strong><a href=\"http:\/\/www.antarctic-research.de\/?page_id=194\" target=\"_blank\" rel=\"noopener noreferrer\">kontaktieren<\/a><\/strong>&nbsp;Sie uns! &nbsp;<\/p>\n<p style=\"text-align: justify;\"><img loading=\"lazy\" decoding=\"async\" class=\"alignnone wp-image-126 size-full\" src=\"https:\/\/antarctic-research.de\/wordpress2014\/wp-content\/uploads\/2014\/08\/sli-1024x768.jpg\" width=\"1024\" height=\"768\" srcset=\"https:\/\/antarctic-research.de\/wordpress2014\/wp-content\/uploads\/2014\/08\/sli-1024x768.jpg 1024w, https:\/\/antarctic-research.de\/wordpress2014\/wp-content\/uploads\/2014\/08\/sli-1024x768-300x225.jpg 300w\" sizes=\"auto, (max-width: 1024px) 100vw, 1024px\" \/><\/p>\n<p>&nbsp;<\/p>\n","protected":false},"excerpt":{"rendered":"<p>Werden Sie Mit-Begr\u00fcnder eines Naturschutzgebietes im S\u00fcd-Atlantik Im Jahre 2004 hat der ART vier Inseln (Rum, Brandy, Whiskey und Sea Lion Easterly) der Sea Lion Islands im S\u00fcden der Falklands mit dem Ziel erworben, diese Inseln und ihre Bewohner vor <span class=\"excerpt-dots\">&hellip;<\/span> <a class=\"more-link\" href=\"https:\/\/antarctic-research.de\/wordpress2014\/unterstuetzung\/naturschutzgebiet\/\"><span class=\"more-msg\">Weiterlesen &rarr;<\/span><\/a><\/p>\n","protected":false},"author":1,"featured_media":0,"parent":119,"menu_order":2,"comment_status":"closed","ping_status":"open","template":"","meta":{"ngg_post_thumbnail":0,"footnotes":""},"class_list":["post-125","page","type-page","status-publish","hentry"],"_links":{"self":[{"href":"https:\/\/antarctic-research.de\/wordpress2014\/wp-json\/wp\/v2\/pages\/125","targetHints":{"allow":["GET"]}}],"collection":[{"href":"https:\/\/antarctic-research.de\/wordpress2014\/wp-json\/wp\/v2\/pages"}],"about":[{"href":"https:\/\/antarctic-research.de\/wordpress2014\/wp-json\/wp\/v2\/types\/page"}],"author":[{"embeddable":true,"href":"https:\/\/antarctic-research.de\/wordpress2014\/wp-json\/wp\/v2\/users\/1"}],"replies":[{"embeddable":true,"href":"https:\/\/antarctic-research.de\/wordpress2014\/wp-json\/wp\/v2\/comments?post=125"}],"version-history":[{"count":29,"href":"https:\/\/antarctic-research.de\/wordpress2014\/wp-json\/wp\/v2\/pages\/125\/revisions"}],"predecessor-version":[{"id":2388,"href":"https:\/\/antarctic-research.de\/wordpress2014\/wp-json\/wp\/v2\/pages\/125\/revisions\/2388"}],"up":[{"embeddable":true,"href":"https:\/\/antarctic-research.de\/wordpress2014\/wp-json\/wp\/v2\/pages\/119"}],"wp:attachment":[{"href":"https:\/\/antarctic-research.de\/wordpress2014\/wp-json\/wp\/v2\/media?parent=125"}],"curies":[{"name":"wp","href":"https:\/\/api.w.org\/{rel}","templated":true}]}}