{"id":1245,"date":"2020-03-12T16:06:41","date_gmt":"2020-03-12T15:06:41","guid":{"rendered":"http:\/\/www.antarctic-research.de\/?page_id=1245"},"modified":"2023-06-30T13:37:17","modified_gmt":"2023-06-30T11:37:17","slug":"vielen-dank-fuer-ihre-spende","status":"publish","type":"page","link":"https:\/\/antarctic-research.de\/wordpress2014\/unterstuetzung\/spenden-buecher-kalender\/vielen-dank-fuer-ihre-spende\/","title":{"rendered":"Vielen Dank f\u00fcr ihre Spende!"},"content":{"rendered":"<p>Sie erhalten in K\u00fcrze eine Spendenbescheinigung.Sie erhalten in K\u00fcrze eine Spendenbescheinigung.<\/p>\n","protected":false},"excerpt":{"rendered":"<p>Sie erhalten in K\u00fcrze eine Spendenbescheinigung.Sie erhalten in K\u00fcrze eine Spendenbescheinigung.<\/p>\n <a class=\"more-link\" href=\"https:\/\/antarctic-research.de\/wordpress2014\/unterstuetzung\/spenden-buecher-kalender\/vielen-dank-fuer-ihre-spende\/\"><span class=\"more-msg\">Weiterlesen &rarr;<\/span><\/a>","protected":false},"author":1,"featured_media":0,"parent":128,"menu_order":0,"comment_status":"closed","ping_status":"closed","template":"","meta":{"ngg_post_thumbnail":0,"footnotes":""},"class_list":["post-1245","page","type-page","status-publish","hentry"],"_links":{"self":[{"href":"https:\/\/antarctic-research.de\/wordpress2014\/wp-json\/wp\/v2\/pages\/1245","targetHints":{"allow":["GET"]}}],"collection":[{"href":"https:\/\/antarctic-research.de\/wordpress2014\/wp-json\/wp\/v2\/pages"}],"about":[{"href":"https:\/\/antarctic-research.de\/wordpress2014\/wp-json\/wp\/v2\/types\/page"}],"author":[{"embeddable":true,"href":"https:\/\/antarctic-research.de\/wordpress2014\/wp-json\/wp\/v2\/users\/1"}],"replies":[{"embeddable":true,"href":"https:\/\/antarctic-research.de\/wordpress2014\/wp-json\/wp\/v2\/comments?post=1245"}],"version-history":[{"count":8,"href":"https:\/\/antarctic-research.de\/wordpress2014\/wp-json\/wp\/v2\/pages\/1245\/revisions"}],"predecessor-version":[{"id":2010,"href":"https:\/\/antarctic-research.de\/wordpress2014\/wp-json\/wp\/v2\/pages\/1245\/revisions\/2010"}],"up":[{"embeddable":true,"href":"https:\/\/antarctic-research.de\/wordpress2014\/wp-json\/wp\/v2\/pages\/128"}],"wp:attachment":[{"href":"https:\/\/antarctic-research.de\/wordpress2014\/wp-json\/wp\/v2\/media?parent=1245"}],"curies":[{"name":"wp","href":"https:\/\/api.w.org\/{rel}","templated":true}]}}